s the units digit of b?
2
Let c be (1/(-2))/(5/(-10)). Let b = c - -2. Suppose -j = b*o - 0*j - 33, 4*o - 31 = 3*j. What is the units digit of o?
0
Let m(x) = x**3 + 5*x**2 + 6*x. Let h be m(-4). Let k = 23 - 107. What is the units digit of (-2)/(-4) + k/h?
1
Let p(m) = -4*m + m**3 + 0*m + 12 - 9 + 6*m**2. What is the units digit of p(-5)?
8
Let j(x) = x**2 - 7*x + 4. Suppose -3*y + 5 = -16. Let w be j(y). What is the units digit of (w/10)/((-3)/(-45))?
6
Let a(k) = k**2 + k. Let s be a(-2). Suppose 0 = y - s*t - 19, 77 = 3*y + 2*t + 2*t. Suppose 3*o - 10 - y = 0. What is the units digit of o?
1
Suppose -8*u = -u - 14. Suppose 45 = 4*q - u*v - v, -5*v + 85 = 4*q. What is the units digit of q?
5
Suppose -4*k = 2*p - 18, 2*k + 3*k = 2*p. Let y be k/(-8) + (-2)/(-8). Suppose -5*a + 5*g = -35, 3*a - 2*g = -y*a + 20. What is the units digit of a?
6
Let c(y) = -y**2 - y + 2. Let q be c(0). Let r be -3*(q + -1)*-1. Suppose -r = -j + 7. What is the units digit of j?
0
Let v = 352 - 194. What is the tens digit of v?
5
Suppose -5*l + 39 = -216. What is the tens digit of l?
5
What is the hundreds digit of 1041/4 + ((-6)/24 - 0)?
2
Let i = 18 + -7. Let q = i - 19. What is the units digit of q*((-50)/8)/5?
0
Suppose 6 + 2 = x. Let l(h) = 4*h + x - 2*h - 3*h. What is the units digit of l(6)?
2
Let d = -202 + 281. What is the units digit of d?
9
Let q = -31 + 48. Let y = 38 - q. Suppose 3*h + y = 6*h. What is the units digit of h?
7
Let i(o) = -o + 3. Let p be i(4). Let d = 11 - 13. What is the units digit of 4 - p*d/(-2)?
5
Let r = 18 - 0. What is the tens digit of r?
1
Let b(y) = y**2 + y + 4. Let z be b(3). Suppose -g - 28 = -2*a - 5, z = -a - 5*g. What is the tens digit of a - (-2 - (1 - 2))?
1
Let d(g) = g**3 - 6*g**2 + 5*g + 2. Let t be d(5). Suppose t*l = -9 + 45. Suppose -2*y + 22 = -0*f - 2*f, 2*y = -2*f + l. What is the tens digit of y?
1
Let v(n) = 2*n + 7. Let k be v(11). Suppose 6 + k = o. What is the units digit of o?
5
Suppose 2*w = -2*y + 14, -2*w + 0 = -4. Suppose -i + 6*i = -y. Let r = i - -5. What is the units digit of r?
4
Let a(o) = 0*o**3 + 2 + o**3 + 3*o**2 + 1. Let x be a(-3). Let j = x - -4. What is the units digit of j?
7
Suppose 3*x = 2*x + 6. Suppose -x*c + 2*c + 16 = 0. Suppose -4*b - b - c*v = -18, -4*b + 4 = -2*v. What is the units digit of b?
2
Suppose 8*u = 4*u + 120. Let c = -127 - -178. Let b = c - u. What is the tens digit of b?
2
Suppose 0 = 2*a + 2*n - 3*n - 8, -5*a = -3*n - 21. Suppose 3*f + 39 = a*c, -2*c = f - 18 - 5. What is the tens digit of c?
1
Let u(c) = 7*c + 12. Let l(v) = -29*v - 48. Let i(t) = -2*l(t) - 9*u(t). What is the tens digit of i(-6)?
1
Suppose 0 = 5*w - 5*q - 75, -3*w - 5*q - 39 = -6*w. What is the tens digit of w?
1
Suppose -3*m + 4*m - 16 = 0. Suppose -m = -4*p + 8. What is the units digit of p?
6
Let c(f) = f**3 + 4*f**2 + 2*f + 6. Let y be c(-4). Let o(w) = -w**3 - 2*w**2 + 1. What is the units digit of o(y)?
1
Let v(n) = 2*n. What is the units digit of v(12)?
4
Let w(i) = 3*i + 2. Let q be w(-5). Let j = q + 19. What is the units digit of j?
6
Suppose 1416 = 8*q - 8. What is the units digit of q?
8
Let a(y) = y**3 + 27*y**2 + 26*y + 8. What is the units digit of a(-26)?
8
Let k(x) = x**2 + 15*x - 57. What is the units digit of k(-22)?
7
Let i(b) = 6*b. Let u be i(1). Let j = u + -12. What is the units digit of (3/j)/(1/(-2))?
1
Suppose -3*c = 5*s + 31, -2*c = s + 2 - 0. Let f = 13 + s. Suppose f*l = 53 - 8. What is the units digit of l?
9
Let o(g) = -3*g**3 + 2*g**2 - 8. Let d(z) = -z**3 + z**2 - 3. Let n(p) = -17*d(p) + 6*o(p). What is the units digit of n(-5)?
3
Let o(h) = 0 + 7*h - 4 + 3. Suppose -5*q + q = -4*t + 20, -t = q + 3. What is the units digit of o(t)?
6
Suppose y + 9 = 2*g - 0*y, -4*g + 23 = 3*y. Suppose 5*u + 4*c - g*c = 56, 8 = u + 3*c. What is the tens digit of u?
1
Let q = -182 - -283. What is the tens digit of q?
0
Let c(j) = j**2 + 6*j - 6. What is the tens digit of c(3)?
2
Suppose 6*o - 4*j = 3*o + 73, -5*o - 4*j = -143. What is the tens digit of o?
2
Let u(y) = -y**2 - 9*y + 7. Let k be u(-9). Suppose 5*r + 3*p = -2, 3*p + 2 = 2*r + 7*p. Let v = r + k. What is the units digit of v?
6
Let p be (2/(-2))/(1/(-7)). Let j(m) = -11*m - 10. Let q(t) = 5*t + 5. Let a(y) = -6*j(y) - 13*q(y). What is the units digit of a(p)?
2
Let b = 220 - 51. What is the tens digit of b?
6
Suppose 0*h - m = h - 7, -3*m + 31 = 4*h. Suppose o - 2*q + 4 = 0, -5 = -3*o - 3*q + h. What is the units digit of o?
2
Suppose 54 = q + 3*o, -3*q - 2*o + 162 = o. What is the units digit of q?
4
Suppose 0 = -4*w + 3*w + 10. What is the units digit of w?
0
Let k = 4 - 3. Let p be 0 - 1 - -5*k. Suppose p = -3*i + 13. What is the units digit of i?
3
Suppose 0 = 4*l - k - 10, -l + 5*l - 2 = -3*k. What is the units digit of l?
2
Let d = 10 + -7. Suppose -6*q + q - 5*c + 45 = 0, 0 = -d*q - c + 23. What is the units digit of q?
7
Let a(h) = -12*h + 20. What is the units digit of a(-6)?
2
Suppose 8 = 4*n - 0. Let s(r) = -r**3 - 8*r**2 - 10*r - 7. Let z be s(-7). What is the units digit of ((-8)/z)/(n/(-7))?
2
Let u(s) = 9*s + 143. What is the units digit of u(0)?
3
Let k(g) = -g + 13. Let w be k(13). Suppose 0 = -2*x - w*x + 60. What is the tens digit of x?
3
Suppose -5*g = -17 + 2. Let n be g/(-2)*20/(-6). Let q = -1 + n. What is the units digit of q?
4
Let z(m) = m**3 + 3*m**2 - 3*m - 2. Let n be z(-3). Let t(g) = g**3 - 6*g**2 + 2*g - 3. Let p be t(n). Suppose -3*d - 3 = -p. What is the tens digit of d?
1
Let l = 10 - 0. Suppose a + a = -l. Let c = 8 - a. What is the units digit of c?
3
Let t = -8 + 2. Let r = -13 + 37. What is the tens digit of 296/r + (-4)/t?
1
Let r be (-56)/(-1) - 0/4. Let f = 89 - r. Suppose -5*x + 17 + f = 0. What is the units digit of x?
0
Let u(p) = -p + 1. Let f(q) = 3*q + 2*q - 8 + q**2 - q. Let x(g) = f(g) + 2*u(g). What is the units digit of x(-5)?
9
Let l be 95 - (2 - (-3)/(-1)). What is the units digit of (-12)/20 - l/(-10)?
9
Suppose -3*u + 381 + 21 = 0. What is the units digit of u?
4
What is the tens digit of ((-7)/21)/((-3)/90)?
1
Let k(p) = p**2 + 4*p + 1. Let w be -6 + -2*(-3)/3. Let b be k(w). Let m = 2 + b. What is the units digit of m?
3
Let b = 17 - -22. What is the tens digit of b?
3
Let o(x) = 2*x + 26. Let p(q) = -q - 13. Let d(g) = 6*o(g) + 11*p(g). What is the units digit of d(-6)?
7
Let o be -2*(0 - (-3)/(-2)). Suppose -r - 5*u - 37 = 0, o*u - u = -3*r - 124. What is the tens digit of (24/28)/((-3)/r)?
1
Let i(d) = 26*d - 28. What is the units digit of i(8)?
0
Let y(i) = -2*i + 60. Let v be y(0). Suppose 104 + v = 4*w. What is the units digit of w?
1
Suppose 4*a - a + v = 67, -5*a = 4*v - 100. Suppose 0*r - a = -4*r. What is the units digit of r?
6
What is the tens digit of (-1)/(1 - 0) - -35?
3
Suppose 4 + 11 = -5*v. Let h be v*2/(-12)*0. Suppose 5*l = -h*l + 45. What is the units digit of l?
9
Let d(g) = g**2 - 4*g + 4. Let m be d(5). Let c = m - 4. What is the units digit of c?
5
Let i = 11 + -8. Let c be (3/(i/(-2)))/(-1). What is the units digit of 9/c*8/6?
6
Suppose -4*w = -3*y - 14, -2*y + 2 = 4*w - w. Suppose 0 = 2*h + f - 15, 3*f - f + w = 0. What is the units digit of h?
8
What is the tens digit of -3 + 5 - (-282)/3*1?
9
Let b be 3/(18/(-3))*0. Let i(j) = -j + 14. What is the tens digit of i(b)?
1
Let s be (-266)/4 - (-1)/(-2). Let z = 111 + s. Suppose 2*v - z + 14 = -4*y, -y + 5*v = 20. What is the units digit of y?
5
Suppose -4*t = 12, 3*t + 26 = 4*z - 15. Let y(l) be the first derivative of l**3/3 - 4*l**2 + 4*l + 2. What is the units digit of y(z)?
4
Let f(i) = i**3 + 6*i**2 + 7*i + 6. Let y be f(-4). Let w(s) = -s**2 + 10*s - 4. Let q be w(y). Let t = q - -22. What is the tens digit of t?
1
Let m = 33 - 12. Let w = m - 15. Let c(a) = -a**3 + 5*a**2 + 8*a - 5. What is the units digit of c(w)?
7
Let p be 60/9*12/(-10). Let t = p + 21. What is the units digit of t?
3
Let u = -11 + 13. Suppose u*b = 3*b + 4*l + 15, 4*l + 45 = 5*b. What is the units digit of b?
5
Let j = -41 - -26. Let i(k) = -k**3 - 14*k**2 + 13*k - 9. What is the tens digit of i(j)?
2
What is the tens digit of (1 + -5)/((-4)/10)?
1
Let z = 5 - 3. Let v(g) = g**2 + 4*g - 3. What is the units digit of v(z)?
9
Let t(y) = -y**2 - 8*y - 7. Let n be t(-6). Let m be 6/6*n*4. Suppose -5*r - 5 =